rue
Does 4 divide 3166?
False
Is 37771 a multiple of 5?
False
Is 40618 a multiple of 13?
False
Is 31 a factor of 42253?
True
Does 12 divide 10656?
True
Is 8959 a multiple of 96?
False
Is 34 a factor of 571?
False
Does 74 divide 1907?
False
Does 9 divide 158?
False
Is 3 a factor of 337?
False
Is 3618 a multiple of 22?
False
Is 83 a factor of 22270?
False
Is 66 a multiple of 6?
True
Is 11 a factor of 136?
False
Is 57 a factor of 2870?
False
Is 8502 a multiple of 109?
True
Does 20 divide 50780?
True
Is 20 a factor of 860?
True
Is 198 a multiple of 27?
False
Does 7 divide 486?
False
Does 25 divide 13444?
False
Is 28 a factor of 1533?
False
Is 4453 a multiple of 56?
False
Is 3 a factor of 15236?
False
Is 10 a factor of 34?
False
Is 840 a multiple of 56?
True
Is 12 a factor of 366?
False
Is 6 a factor of 996?
True
Does 8 divide 1213?
False
Is 631 a multiple of 16?
False
Is 7918 a multiple of 56?
False
Is 4 a factor of 2504?
True
Is 2949 a multiple of 12?
False
Is 23 a factor of 1188?
False
Is 25 a factor of 25183?
False
Is 1386 a multiple of 72?
False
Is 353 a multiple of 32?
False
Does 61 divide 3477?
True
Does 7 divide 4120?
False
Is 10464 a multiple of 12?
True
Does 13 divide 1027?
True
Is 5 a factor of 278?
False
Is 21 a factor of 4352?
False
Does 18 divide 12162?
False
Does 165 divide 330?
True
Is 44330 a multiple of 118?
False
Does 52 divide 787?
False
Does 14 divide 2576?
True
Is 67 a factor of 820?
False
Is 8 a factor of 366?
False
Does 27 divide 7587?
True
Does 5 divide 3170?
True
Does 57 divide 1539?
True
Does 52 divide 2263?
False
Does 23 divide 7215?
False
Is 16626 a multiple of 51?
True
Is 47 a multiple of 3?
False
Is 35 a factor of 9090?
False
Is 69 a factor of 10581?
False
Is 13 a factor of 125?
False
Is 97 a multiple of 9?
False
Is 4158 a multiple of 42?
True
Is 11 a factor of 63525?
True
Does 18 divide 23744?
False
Is 13 a factor of 312?
True
Is 12 a factor of 2191?
False
Does 134 divide 432?
False
Is 33 a factor of 1386?
True
Is 3808 a multiple of 17?
True
Is 15 a factor of 59?
False
Is 16176 a multiple of 12?
True
Is 2 a factor of 4?
True
Is 51 a factor of 1428?
True
Is 3402 a multiple of 4?
False
Does 46 divide 24346?
False
Does 7 divide 23562?
True
Is 36249 a multiple of 201?
False
Is 978 a multiple of 84?
False
Does 50 divide 15250?
True
Does 19 divide 330?
False
Is 3829 a multiple of 40?
False
Does 24 divide 1704?
True
Does 4 divide 632?
True
Is 4889 a multiple of 52?
False
Is 3540 a multiple of 60?
True
Does 5 divide 2065?
True
Is 825 a multiple of 75?
True
Does 46 divide 1157?
False
Does 22 divide 4818?
True
Is 34 a factor of 4420?
True
Does 25 divide 567?
False
Does 2 divide 22?
True
Is 41709 a multiple of 10?
False
Is 39351 a multiple of 27?
False
Is 63 a factor of 1712?
False
Is 96480 a multiple of 180?
True
Does 31 divide 12017?
False
Is 338 a multiple of 13?
True
Is 13 a factor of 1351?
False
Is 5 a factor of 190?
True
Is 140 a factor of 4760?
True
Is 89 a factor of 5162?
True
Is 17 a factor of 1194?
False
Is 295 a multiple of 13?
False
Is 76 a multiple of 5?
False
Does 156 divide 22127?
False
Is 25484 a multiple of 7?
False
Is 10 a factor of 15215?
False
Does 9 divide 585?
True
Is 2720 a multiple of 5?
True
Is 19 a factor of 30707?
False
Does 111 divide 12321?
True
Is 1248 a multiple of 104?
True
Does 37 divide 111?
True
Does 74 divide 7245?
False
Does 19 divide 17216?
False
Is 52 a factor of 8684?
True
Is 26712 a multiple of 12?
True
Does 18 divide 1931?
False
Does 34 divide 8840?
True
Does 265 divide 7950?
True
Is 5 a factor of 275?
True
Is 722 a multiple of 2?
True
Is 1094 a multiple of 12?
False
Is 103 a factor of 18849?
True
Is 7046 a multiple of 149?
False
Does 122 divide 139194?
False
Is 147900 a multiple of 300?
True
Is 45 a factor of 42255?
True
Is 64 a multiple of 16?
True
Does 41 divide 2132?
True
Does 17 divide 1365?
False
Does 14 divide 1190?
True
Is 271 a multiple of 12?
False
Is 9070 a multiple of 36?
False
Is 1186 a multiple of 4?
False
Is 21 a factor of 294?
True
Is 4140 a multiple of 115?
True
Is 2007 a multiple of 73?
False
Is 1659 a multiple of 21?
True
Does 11 divide 649?
True
Is 1260 a multiple of 7?
True
Does 47 divide 72?
False
Is 2168 a multiple of 19?
False
Is 26 a factor of 4810?
True
Does 25 divide 1071?
False
Is 2378 a multiple of 41?
True
Is 663 a multiple of 39?
True
Is 17 a factor of 510?
True
Is 260 a multiple of 13?
True
Is 67 a factor of 871?
True
Is 456 a multiple of 8?
True
Does 33 divide 1023?
True
Does 21 divide 35243?
False
Is 642 a multiple of 19?
False
Is 191 a multiple of 4?
False
Is 27 a factor of 1863?
True
Is 30500 a multiple of 100?
True
Is 25 a factor of 10675?
True
Is 92 a factor of 4633?
False
Does 22 divide 952?
False
Does 65 divide 4745?
True
Does 5 divide 2611?
False
Is 16 a factor of 3767?
False
Is 584 a multiple of 8?
True
Is 79 a factor of 79?
True
Does 11 divide 36874?
False
Does 56 divide 2356?
False
Is 956 a multiple of 12?
False
Is 17 a factor of 7183?
False
Is 8 a factor of 3066?
False
Does 18 divide 18651?
False
Does 3 divide 787?
False
Is 20 a factor of 91620?
True
Is 9 a factor of 19288?
False
Does 23 divide 1265?
True
Does 29 divide 6389?
False
Is 39 a factor of 1367?
False
Does 9 divide 464?
False
Does 15 divide 49635?
True
Is 30 a factor of 11880?
True
Is 3 a factor of 2169?
True
Is 11 a factor of 4156?
False
Is 77740 a multiple of 92?
True
Is 30 a factor of 90?
True
Is 1559 a multiple of 54?
False
Does 5 divide 1397?
False
Is 23 a factor of 4347?
True
Does 15 divide 330?
True
Does 4 divide 337?
False
Is 153 a multiple of 25?
False
Is 13 a factor of 31322?
False
Is 19800 a multiple of 12?
True
Is 3 a factor of 210?
True
Is 5 a factor of 490?
True
Is 5 a factor of 1843?
False
Is 59703 a multiple of 6?
False
Is 218 a multiple of 2?
True
Does 30 divide 990?
True
Does 4 divide 19256?
True
Is 20 a factor of 440?
True
Is 48 a multiple of 3?
True
Is 1674 a multiple of 18?
True
Does 153 divide 22893?
False
Is 478 a multiple of 13?
False
Is 165 a multiple of 3?
True
Is 12 a factor of 5511?
False
Is 4352 a multiple of 32?
True
Is 44 a factor of 3317?
False
Is 57 a factor of 48849?
True
Is 3 a factor of 446?
False
Does 68 divide 952?
True
Is 50 a factor of 19215?
False
Is 611 a multiple of 14?
False
Is 8217 a multiple of 11?
True
Is 114 a multiple of 4?
False
Does 31 divide 2356?
True
Is 2584 a multiple of 17?
True
Is 6 a factor of 57?
False
Is 6300 a multiple of 63?
True
Does 33 divide 717?
False
Is 3754 a multiple of 11?
False
Is 3735 a multiple of 15?
True
Is 14 a factor of 653?
False
Is 62 a factor of 124?
True
Is 34 a factor of 3022?
False
Is 20689 a multiple of 8?
False
Does 54 divide 648?
True
Does 80 divide 8960?
True
Is 9 a factor of 1268?
False
Is 210 a multiple of 70?
True
Is 29925 a multiple of 75?
True
Is 34086 a multiple of 26?
True
Is 38 a factor of 266?
True
Does 38 divide 6095?
False
Is 5 a factor of 370?
True
Is 21697 a multiple of 14?
False
Does 80 divide 2204?
False
Does 40 divide 440?
True
Is 9966 a multiple of 66?
True
Is 174 a multiple of 2?
True
Is 2 a factor of 81?
False
Does 6 divide 1909?
False
Does 90 divide 12780?
True
Is 3318 a multiple of 42?
True
Is 468 a multiple of 12?
True
Is 21 a factor of 2289?
True
Is 117 a multiple of 13?
True
Is 108 a factor of 2287?
False
Is 772 even?
True
Is 19 a factor of 105148?
False
Is 306 a multiple of 34?
True
Does 15 divide 56?
False
Is 54 a factor of 10476?
True
Is 8 a factor of 29272?
True
Is 226 a multiple of 6?
False
Is 1368 a multiple of 12?
True
Is 4 a factor of 959?
False
Is 13 a factor of 1092?
True
Does 391 divide 30498?
True
Is 12 a factor of 28680?
True
Does 35 divide 316?
False
Is 30 a factor of 274?
False
Is 18 a factor of 1313?
False
Is 20880 a multiple of 48?
True
Is 586 a multiple of 29?
False
Is 55 a factor of 580?
False
Is 367 a multiple of 11?
False
Is 25 a factor of 836?
False
Is 33 a factor of 924?
True
Does 19 divide 4689?
False
Is 137 a factor of 1233?
True
Is 9667 a multiple of 34?
False
Does 6 divide 212?
False
Does 11 divide 704?
True
Is 780 a multiple of 30?
True
Is 11 a factor of 181?
False
Is 55743 a multiple of 18?
False
Is 48 a factor of 2452?
False
Does 9 divide 1827?
True
Does 14 divide 1506?
False
Is 19 a factor of 36822?
True
Is 16 a factor of 12784?
True
Is 1